{"id":252,"date":"2024-07-31T09:19:18","date_gmt":"2024-07-31T07:19:18","guid":{"rendered":"https:\/\/drogasotu.com\/?page_id=252"},"modified":"2024-07-31T09:20:57","modified_gmt":"2024-07-31T07:20:57","slug":"252-2","status":"publish","type":"page","link":"https:\/\/drogasotu.com\/index.php\/252-2\/","title":{"rendered":"Politica de privacidad"},"content":{"rendered":"\n<p>Los datos de car\u00e1cter personal que se recojan a trav\u00e9s de este sitio web ser\u00e1n tratados de conformidad con el\u00a0<a href=\"https:\/\/eur-lex.europa.eu\/search.html?DTN=0679&amp;SUBDOM_INIT=ALL_ALL&amp;DTS_DOM=ALL&amp;typeOfActStatus=REGULATION&amp;type=advanced&amp;DTS_SUBDOM=ALL_ALL&amp;lang=es&amp;qid=1615998744377&amp;DB_TYPE_OF_ACT=regulation&amp;DTA=2016&amp;locale=es\">Reglamento (UE) 2016\/679 del Parlamento Europeo y del Consejo, de 27 de abril de 2016, relativo a la protecci\u00f3n de las personas f\u00edsicas con respecto al tratamiento de datos personales y a la libre circulaci\u00f3n de estos datos<\/a>\u00a0(Reglamento General de Protecci\u00f3n de Datos, RGPD) y con la\u00a0<a href=\"https:\/\/www.boe.es\/buscar\/act.php?id=BOE-A-2018-16673\">Ley Org\u00e1nica 3\/2018, de 5 de diciembre, de Protecci\u00f3n de Datos Personales y garant\u00eda de los derechos digitales (LOPDGDD)<\/a>.<\/p>\n\n\n\n<p>El Tratamiento que se realice con dichos datos, el Responsable del Tratamiento y el resto de los datos que se precisan para ejercer sus derechos en protecci\u00f3n de datos personales se puede encontrar en el\u00a0https:\/\/alegria-activity.com\/politica-de-privacidad<\/p>\n\n\n\n<p>Estos datos ser\u00e1n los estrictamente necesarios, adecuados y pertinentes para la finalidad para la que se recojan. alegria-activity se compromete al cumplimiento del deber de confidencialidad con respecto a los datos de car\u00e1cter personal, as\u00ed como a adoptar las medidas necesarias para evitar su alteraci\u00f3n, p\u00e9rdida, tratamiento o acceso no autorizado.<\/p>\n\n\n\n<p>La mera navegaci\u00f3n por los portales web, sedes electr\u00f3nicas y aplicaciones no supone ning\u00fan suministro de datos personales. En todo caso, los datos personales que puedan ser suministrados mediante correos electr\u00f3nicos enviados a direcciones de correo corporativas que figuran en este sitio web ser\u00e1n tratados conforme a lo recogido en este apartado.<\/p>\n\n\n\n<p>El portal puede incluir enlaces a otros sitios web de terceros con pol\u00edticas de privacidad ajenos a alegria-activity, por lo que al acceder a ellos alegria-activity deja de ser responsable del tratamiento que pudieran hacer esos sitios web con sus datos personales.<\/p>\n\n\n\n<p>Si lo desea, puede ejercer los derechos de acceso, rectificaci\u00f3n, oposici\u00f3n y supresi\u00f3n de datos personales, solicitar que se limite el tratamiento de sus datos o, en su caso, la portabilidad de sus datos, as\u00ed como no ser objeto de decisiones individuales automatizadas, incluida la elaboraci\u00f3n de perfiles, a trav\u00e9s del correo electr\u00f3nico lopd@alegria-activity.com<\/p>\n\n\n\n<p><br>\u00a0<\/p>\n\n\n\n<h2 class=\"wp-block-heading\">Uso de Cookies<\/h2>\n\n\n\n<p><\/p>\n\n\n\n<p>A trav\u00e9s de la anal\u00edtica web se obtiene informaci\u00f3n relativa al n\u00famero de usuarios que acceden a la web, el n\u00famero de p\u00e1ginas vistas, la frecuencia y repetici\u00f3n de las visitas, su duraci\u00f3n o el navegador utilizado, informaci\u00f3n que posibilita un mejor y m\u00e1s apropiado servicio por parte de este portal web.&nbsp;<\/p>\n","protected":false},"excerpt":{"rendered":"<p>Los datos de car\u00e1cter personal que se recojan a trav\u00e9s de este sitio web ser\u00e1n tratados de conformidad con el\u00a0Reglamento<\/p>\n","protected":false},"author":1,"featured_media":0,"parent":0,"menu_order":0,"comment_status":"closed","ping_status":"closed","template":"","meta":{"_uag_custom_page_level_css":"","site-sidebar-layout":"default","site-content-layout":"","ast-site-content-layout":"","site-content-style":"default","site-sidebar-style":"default","ast-global-header-display":"","ast-banner-title-visibility":"","ast-main-header-display":"","ast-hfb-above-header-display":"","ast-hfb-below-header-display":"","ast-hfb-mobile-header-display":"","site-post-title":"","ast-breadcrumbs-content":"","ast-featured-img":"","footer-sml-layout":"","theme-transparent-header-meta":"","adv-header-id-meta":"","stick-header-meta":"","header-above-stick-meta":"","header-main-stick-meta":"","header-below-stick-meta":"","astra-migrate-meta-layouts":"default","ast-page-background-enabled":"default","ast-page-background-meta":{"desktop":{"background-color":"var(--ast-global-color-4)","background-image":"","background-repeat":"repeat","background-position":"center center","background-size":"auto","background-attachment":"scroll","background-type":"","background-media":"","overlay-type":"","overlay-color":"","overlay-opacity":"","overlay-gradient":""},"tablet":{"background-color":"","background-image":"","background-repeat":"repeat","background-position":"center center","background-size":"auto","background-attachment":"scroll","background-type":"","background-media":"","overlay-type":"","overlay-color":"","overlay-opacity":"","overlay-gradient":""},"mobile":{"background-color":"","background-image":"","background-repeat":"repeat","background-position":"center center","background-size":"auto","background-attachment":"scroll","background-type":"","background-media":"","overlay-type":"","overlay-color":"","overlay-opacity":"","overlay-gradient":""}},"ast-content-background-meta":{"desktop":{"background-color":"var(--ast-global-color-5)","background-image":"","background-repeat":"repeat","background-position":"center center","background-size":"auto","background-attachment":"scroll","background-type":"","background-media":"","overlay-type":"","overlay-color":"","overlay-opacity":"","overlay-gradient":""},"tablet":{"background-color":"var(--ast-global-color-5)","background-image":"","background-repeat":"repeat","background-position":"center center","background-size":"auto","background-attachment":"scroll","background-type":"","background-media":"","overlay-type":"","overlay-color":"","overlay-opacity":"","overlay-gradient":""},"mobile":{"background-color":"var(--ast-global-color-5)","background-image":"","background-repeat":"repeat","background-position":"center center","background-size":"auto","background-attachment":"scroll","background-type":"","background-media":"","overlay-type":"","overlay-color":"","overlay-opacity":"","overlay-gradient":""}},"footnotes":""},"class_list":["post-252","page","type-page","status-publish","hentry"],"uagb_featured_image_src":{"full":false,"thumbnail":false,"medium":false,"medium_large":false,"large":false,"1536x1536":false,"2048x2048":false},"uagb_author_info":{"display_name":"admin","author_link":"https:\/\/drogasotu.com\/index.php\/author\/jon_bhsl7b9f\/"},"uagb_comment_info":0,"uagb_excerpt":"Los datos de car\u00e1cter personal que se recojan a trav\u00e9s de este sitio web ser\u00e1n tratados de conformidad con el\u00a0Reglamento","_links":{"self":[{"href":"https:\/\/drogasotu.com\/index.php\/wp-json\/wp\/v2\/pages\/252","targetHints":{"allow":["GET"]}}],"collection":[{"href":"https:\/\/drogasotu.com\/index.php\/wp-json\/wp\/v2\/pages"}],"about":[{"href":"https:\/\/drogasotu.com\/index.php\/wp-json\/wp\/v2\/types\/page"}],"author":[{"embeddable":true,"href":"https:\/\/drogasotu.com\/index.php\/wp-json\/wp\/v2\/users\/1"}],"replies":[{"embeddable":true,"href":"https:\/\/drogasotu.com\/index.php\/wp-json\/wp\/v2\/comments?post=252"}],"version-history":[{"count":2,"href":"https:\/\/drogasotu.com\/index.php\/wp-json\/wp\/v2\/pages\/252\/revisions"}],"predecessor-version":[{"id":254,"href":"https:\/\/drogasotu.com\/index.php\/wp-json\/wp\/v2\/pages\/252\/revisions\/254"}],"wp:attachment":[{"href":"https:\/\/drogasotu.com\/index.php\/wp-json\/wp\/v2\/media?parent=252"}],"curies":[{"name":"wp","href":"https:\/\/api.w.org\/{rel}","templated":true}]}}